er when 81 is divided by 17?
13
Calculate the remainder when 218 is divided by 8.
2
What is the remainder when 50 is divided by 7?
1
What is the remainder when 255 is divided by 228?
27
What is the remainder when 1650 is divided by 34?
18
Calculate the remainder when 620 is divided by 9.
8
Calculate the remainder when 318 is divided by 51.
12
Calculate the remainder when 3980 is divided by 993.
8
Calculate the remainder when 101 is divided by 4.
1
What is the remainder when 343 is divided by 109?
16
Calculate the remainder when 88 is divided by 46.
42
Calculate the remainder when 286 is divided by 16.
14
Calculate the remainder when 375 is divided by 20.
15
What is the remainder when 82 is divided by 20?
2
What is the remainder when 54 is divided by 11?
10
What is the remainder when 207 is divided by 26?
25
What is the remainder when 1240 is divided by 15?
10
Calculate the remainder when 67 is divided by 3.
1
What is the remainder when 568 is divided by 353?
215
What is the remainder when 86 is divided by 64?
22
What is the remainder when 3073 is divided by 55?
48
What is the remainder when 41 is divided by 26?
15
What is the remainder when 20017 is divided by 70?
67
What is the remainder when 87 is divided by 6?
3
Calculate the remainder when 140 is divided by 62.
16
Calculate the remainder when 64 is divided by 8.
0
What is the remainder when 416 is divided by 85?
76
What is the remainder when 1407 is divided by 88?
87
What is the remainder when 26 is divided by 11?
4
What is the remainder when 102 is divided by 64?
38
What is the remainder when 197 is divided by 183?
14
Calculate the remainder when 94 is divided by 14.
10
Calculate the remainder when 2256 is divided by 133.
128
What is the remainder when 556 is divided by 20?
16
Calculate the remainder when 1035 is divided by 26.
21
What is the remainder when 2769 is divided by 75?
69
Calculate the remainder when 892 is divided by 294.
10
What is the remainder when 21 is divided by 5?
1
What is the remainder when 117 is divided by 54?
9
Calculate the remainder when 269 is divided by 16.
13
What is the remainder when 265 is divided by 58?
33
What is the remainder when 3919 is divided by 1306?
1
What is the remainder when 136 is divided by 19?
3
What is the remainder when 149 is divided by 3?
2
Calculate the remainder when 224 is divided by 79.
66
What is the remainder when 4234 is divided by 15?
4
Calculate the remainder when 1040 is divided by 126.
32
What is the remainder when 645 is divided by 59?
55
Calculate the remainder when 3093 is divided by 18.
15
What is the remainder when 7798 is divided by 78?
76
What is the remainder when 460 is divided by 303?
157
Calculate the remainder when 225 is divided by 3.
0
Calculate the remainder when 343 is divided by 202.
141
Calculate the remainder when 734 is divided by 34.
20
What is the remainder when 530 is divided by 188?
154
Calculate the remainder when 5696 is divided by 1416.
32
What is the remainder when 719 is divided by 60?
59
Calculate the remainder when 1469 is divided by 15.
14
What is the remainder when 308 is divided by 62?
60
What is the remainder when 258 is divided by 111?
36
Calculate the remainder when 6213 is divided by 151.
22
Calculate the remainder when 717 is divided by 40.
37
What is the remainder when 450 is divided by 179?
92
Calculate the remainder when 18420 is divided by 196.
192
What is the remainder when 155 is divided by 43?
26
Calculate the remainder when 922 is divided by 62.
54
Calculate the remainder when 92 is divided by 55.
37
Calculate the remainder when 2399 is divided by 85.
19
Calculate the remainder when 2419 is divided by 602.
11
Calculate the remainder when 205 is divided by 9.
7
Calculate the remainder when 109 is divided by 33.
10
What is the remainder when 456 is divided by 37?
12
Calculate the remainder when 344 is divided by 80.
24
What is the remainder when 178 is divided by 15?
13
What is the remainder when 256 is divided by 27?
13
Calculate the remainder when 595 is divided by 23.
20
Calculate the remainder when 332 is divided by 20.
12
What is the remainder when 35257 is divided by 17?
16
Calculate the remainder when 247 is divided by 21.
16
Calculate the remainder when 156 is divided by 73.
10
Calculate the remainder when 784 is divided by 58.
30
What is the remainder when 923 is divided by 32?
27
Calculate the remainder when 101 is divided by 15.
11
What is the remainder when 5887 is divided by 1961?
4
What is the remainder when 115 is divided by 31?
22
What is the remainder when 267 is divided by 36?
15
What is the remainder when 105 is divided by 44?
17
Calculate the remainder when 32533 is divided by 45.
43
What is the remainder when 40 is divided by 3?
1
What is the remainder when 104 is divided by 21?
20
Calculate the remainder when 203 is divided by 105.
98
Calculate the remainder when 1629 is divided by 163.
162
What is the remainder when 46379 is divided by 10?
9
Calculate the remainder when 632 is divided by 213.
206
What is the remainder when 188 is divided by 65?
58
Calculate the remainder when 175 is divided by 171.
4
What is the remainder when 2110 is divided by 88?
86
Calculate the remainder when 215 is divided by 109.
106
What is the remainder when 148 is divided by 29?
3
What is the remainder when 298 is divided by 23?
22
Calculate the remainder when 215 is divided by 108.
107
What is the remainder when 193 is divided by 68?
57
What is the remainder when 126 is divided by 1?
0
Calculate the remainder when 176 is divided by 61.
54
What is the remainder when 1405 is divided by 361?
322
What is the remainder when 1329 is divided by 438?
15
Calculate the remainder when 70 is divided by 26.
18
Calculate the remainder when 227 is divided by 59.
50
Calculate the remainder when 91 is divided by 25.
16
What is the remainder when 36 is divided by 15?
6
Calculate the remainder when 1726 is divided by 90.
16
Calculate the remainder when 411 is divided by 48.
27
Calculate the remainder when 221 is divided by 8.
5
What is the remainder when 424 is divided by 113?
85
What is the remainder when 124 is divided by 46?
32
What is the remainder when 48 is divided by 15?
3
What is the remainder when 66 is divided by 54?
12
What is the remainder when 229 is divided by 106?
17
Calculate the remainder when 1155 is divided by 67.
16
Calculate the remainder when 11 is divided by 7.
4
What is the remainder when 1515 is divided by 41?
39
What is the remainder when 108 is divided by 30?
18
Calculate the remainder when 2410 is divided by 12.
10
Calculate the remainder when 1529 is divided by 227.
167
What is the remainder when 315 is divided by 13?
3
What is the remainder when 301 is divided by 16?
13
What is the remainder when 299 is divided by 140?
19
What is the remainder when 340 is divided by 18?
16
Calculate the remainder when 85 is divided by 45.
40
What is the remainder when 127 is divided by 113?
14
What is the remainder when 29 is divided by 5?
4
What is the remainder when 4912 is divided by 14?
12
What is the remainder when 638 is divided by 10?
8
What is the remainder when 404 is divided by 170?
64
What is the remainder when 17357 is divided by 28?
25
Calculate the remainder when 647 is divided by 12.
11
Calculate the remainder when 295 is divided by 75.
70
What is the remainder when 311 is divided by 52?
51
What is the remainder when 1074 is divided by 88?
18
What is the remainder when 394 is divided by 67?
59
What is the remainder when 4186 is divided by 79?
78
Calculate the remainder when 798 is divided by 10.
8
Calculate the remainder when 686 is divided by 35.
21
What is the remainder when 1253 is divided by 28?
21
What is the remainder when 300 is divided by 62?
52
What is the remainder when 404 is divided by 97?
16
Calculate the remainder when 530 is divided by 90.
80
What is the remainder when 1172 is divided by 293?
0
Calculate the remainder when 184 is divided by 38.
32
Calculate the remainder when 1399 is divided by 55.
24
Calculate the remainder when 6999 is divided by 18.
15
Calculate the remainder when 243 is divided by 6.
3
Calculate the remainder when 335 is divided by 80.
15
What is the remainder when 3698 is divided by 285?
278
Calculate the remainder when 1183 is divid